 4*g**2 - 3*g - 3. Determine z(-5).
-13
Suppose -2*d + 3*y - 12 = 7*y, -2*d - 12 = -y. Let m(t) = -2*t + 5. Determine m(d).
17
Let k(g) be the third derivative of g**6/120 + g**5/6 + 5*g**4/12 + 13*g**3/6 + 12*g**2. Calculate k(-9).
4
Let r(x) be the first derivative of -x**4/4 + 4*x**3/3 + 3*x**2 + 5*x - 10. What is r(5)?
10
Let i(s) = 26*s - 2 + 3 - 12*s - 15*s - s**2. Determine i(-2).
-1
Let v(y) = -2*y**2 + 1. Suppose 9 - 8 = p. Determine v(p).
-1
Let d(q) = -q**3 - 10*q**2 - 9*q + 1. Suppose 3*u + 21 = -6. Let o be d(u). Let a(l) = 11*l**3 - 2*l + 1. Determine a(o).
10
Let i(l) = -4*l + l**2 + 280 - 143 - 133. What is i(4)?
4
Let l be 2/(-2) + 4/(-2). Let w = l - -5. Let p(z) be the first derivative of z**4/2 - 2*z**3/3 - z**2/2 - 2. Calculate p(w).
6
Suppose -34*x = -29*x - 20. Let f(m) = m + 1. Let k(v) = -5*v - 5. Let j(w) = 6*f(w) + k(w). What is j(x)?
5
Let h(m) = 11*m - 5 + 4 - 8*m - 1. What is h(2)?
4
Let z(n) = -n - 3. Let q be 8 - -1 - 27/9. Let f(m) = -2*m - 6. Let c(d) = q*f(d) - 13*z(d). Give c(4).
7
Let o(r) be the second derivative of 4*r - 5/6*r**3 + 0 - 3/2*r**2 + 1/12*r**4. Give o(6).
3
Suppose 5*d = 3*d + 4. Suppose -2*l - d*l = -4. Let a(v) = 1 - v - 5*v**2 - l. Give a(1).
-6
Let m(a) = 2*a + 0*a + a**2 - 4 - 3*a. Suppose -3*x + 11 = q + 31, -2*q + 10 = -4*x. Let n = 5 + q. Determine m(n).
-4
Let u(m) = 11*m**2 - 3*m + 4 - 3 + m - 5*m**2. What is u(1)?
5
Let g(x) = -x**3 - 5*x**2 - 3*x + 1. Suppose -2*j - 3*m = 6, -j + m = 3*j + 12. Determine g(j).
-8
Let i(b) be the first derivative of b**4/4 + b**3 + 3*b**2/2 + 10. Determine i(-2).
-2
Let h be 3/2*(-2 - 0). Let z(a) = 5*a + 4. What is z(h)?
-11
Let c(t) = 6*t**3 - t**2 + t - 1. Suppose z + 164 - 165 = 0. What is c(z)?
5
Let b = 51 + -29. Let d = b + -28. Let y(w) = -2*w - 9. What is y(d)?
3
Suppose -2*v = -3*v. Let k(i) = -i + 0 + 9 - 18. Calculate k(v).
-9
Let f(c) = 11*c. Let n(w) = -w**2 - 8*w + 8. Let r(l) = -9*l**3 - l**2 + l. Let p be r(1). Let s be n(p). Give f(s).
-11
Suppose 8*f + 55 = 15. Let k(l) be the first derivative of -l**3/3 - l**2 + 4*l + 1. Calculate k(f).
-11
Let q(p) be the third derivative of -p**5/60 - 5*p**4/24 - p**3/3 + 5*p**2. Give q(-4).
2
Let q(k) = 5*k**2 + k + 3. Let t(a) be the second derivative of 11*a**4/12 + a**3/2 + 3*a**2 + 3*a. Let r = 6 + -3. Let w(u) = r*t(u) - 7*q(u). Determine w(2).
-7
Let o(k) be the third derivative of k**6/60 - k**5/30 - k**4/24 + 63*k**2. Let s be (0 + -6)*1/(-3). Calculate o(s).
6
Suppose -2*a + 0*a + 6 = 0. Let i(d) = d**2 + 2*d - 2. Calculate i(a).
13
Let z(c) = -4*c**2 - 1. Suppose -2*u - 30 = 3*u. Let b be u/10 - 16/(-10). Let a be z(b). Let w(m) = m**2 + 5*m + 6. Calculate w(a).
6
Let j(q) = 163*q - 85*q - 81*q + 3*q**3 - 3*q**2 - 1 - 2*q**3. Let h be (0 + 2 - 6)*-1. Give j(h).
3
Let y(f) be the second derivative of -f**4/3 + f**3/6 + f**2/2 - 11*f. Determine y(2).
-13
Let x(p) = 6 - p**2 + 2*p - 3*p + 0*p**2. Let z(l) = -l**2 + 6*l - 5. Let g be z(5). Calculate x(g).
6
Let w(x) = x - 2. Let q = -1 + 5. Suppose 3*m + 5 = 4*l - 24, q*m + 32 = 4*l. What is w(m)?
-5
Let h = -12 + 20. Suppose 2*b = 6*b. Suppose -2*d = -b*d + h. Let g(o) = -o**3 - 3*o**2 + 6*o + 5. Determine g(d).
-3
Let k = -6 + 11. Let d = 4 - k. Let i(v) = 6*v**3 + v**2 + 2*v + 1. Calculate i(d).
-6
Let z(c) = -8 + 2 + c + 4. Determine z(-4).
-6
Let l(f) = -f**2 + 2*f + 3. Let k(u) = -3*u**2 + 7*u + 8. Let a be -1*(-3)/(-3)*-3. Let t be ((-3)/2)/(a/(-16)). Let x(h) = t*l(h) - 3*k(h). Determine x(5).
0
Let v(o) = -9 + 2 - 5*o**2 + 6*o + 4*o**2. Suppose 5*u = -u + 30. Give v(u).
-2
Let o(w) = w**2 + 8*w + 8. Let b(g) = -g - 1. Let f(u) = 2*b(u) + o(u). Calculate f(-6).
6
Let q(y) be the second derivative of -2*y**3/3 - y**2/2 + 3*y. Let n(x) = x - 3. Let z be ((-3)/(-3) - 3) + 6. Let g be n(z). Give q(g).
-5
Let z(b) be the second derivative of b**4/12 - 2*b**3/3 + 7*b. Calculate z(6).
12
Let c(w) be the second derivative of -w**4/3 - w**3/3 - w**2/2 + w + 2. What is c(-2)?
-13
Let i(c) be the third derivative of c**5/60 + 7*c**3/6 - 2*c**2. Determine i(0).
7
Let g(y) = 3*y**2 + 3*y - 6. Let r(s) = 4*s**2 + 4*s - 5. Let b(j) = 3*g(j) - 2*r(j). Calculate b(0).
-8
Let d(o) = 3*o + 5. Suppose 4*k = 4*r - r + 31, -8 = 4*r + 3*k. Calculate d(r).
-10
Suppose 0*p + u = 2*p - 13, 2*u = -2*p - 2. Let c(m) = -m**3 + 5*m**2 + 2. Give c(p).
18
Let w(j) = 3*j**2 - 5*j - 1. Suppose 5*c - 4*c + 4 = 0, 5*c = -2*x - 16. Let i(z) = 3*z**x + 2*z - 1 - 2*z**2 - 3*z. Let g(h) = -4*i(h) + w(h). What is g(-3)?
-3
Let t be (-18)/(-8)*(-48)/9. Let a(x) = x**3 + 13*x**2 + 13*x + 8. Give a(t).
-4
Let q be (2 - 4) + 2 - -1. Let k(u) = u**3 + u**2 + u. Let a(y) = 4*y**3 + 9*y**2 + 11*y - 2. Let s(z) = q*a(z) - 5*k(z). Determine s(5).
3
Let k(c) = 0*c**2 - c**2 + 4*c - 1 - 2. Let b = 58 + -53. Determine k(b).
-8
Let x(j) = 3*j**2 - 5*j + 6. Let y(n) = -4*n**2 + 6*n - 7. Let g(f) = 5*x(f) + 4*y(f). What is g(2)?
-4
Let h(l) = -l**2 + l - 3. Let x = 24 - 24. Calculate h(x).
-3
Let c(m) = -1. Let h(r) = -r. Let f(d) = -2*c(d) + h(d). Suppose -2*o + 5 = i + 1, -o = 0. Give f(i).
-2
Let b(k) = 7*k**3 - 9*k + 4. Let w(o) = 3*o**3 - 4*o + 2. Let a(d) = 2*b(d) - 5*w(d). Let q(h) = -h**2 - 4*h + 2. Let u = 6 - 10. Let c be q(u). What is a(c)?
-6
Let f be 70/(-21)*(-6)/4. Let v(x) = -1 + 1 - x + 3*x. Determine v(f).
10
Let f(c) be the third derivative of c**4/12 - c**3/6 + 27*c**2. Determine f(1).
1
Let h(c) = -c**2 + 1. Let o(z) = z**3 + z**2 + 3*z - 6. Let v(x) = 5*h(x) + o(x). Let j = -9 + 4. Let p = -2 - j. What is v(p)?
-1
Let k(l) = -l**2 - 6*l - 2. Let f be k(-6). Let o(v) = 0 - v**3 + v - 3*v**2 - 4 + 2. What is o(f)?
-8
Let d(b) = 3*b**2 + 8*b - 13. Let v(z) = -5*z**2 - 3*z + 2. Let f(x) = x**2 + x - 1. Let t(q) = -6*f(q) - v(q). Let o(l) = 3*d(l) + 8*t(l). What is o(0)?
-7
Let o(x) = x**3 - 5*x**3 - x - x**2 - x**3. Let c = 6 + -5. Suppose -2 = l - c. Calculate o(l).
5
Let i(c) = -4*c**2 + 3*c + 4. Let r(t) = -t**2 + 1. Let a(j) = i(j) - 6*r(j). Suppose -5*o + 6 + 9 = 0. Let g be (o/2 + -1)*-6. Give a(g).
7
Let s(d) = 26*d**2 - 5*d - 2. Let k(b) = -13*b**2 + 3*b + 1. Let v(u) = -5*k(u) - 3*s(u). Determine v(1).
-12
Let r = 22 + -23. Let n(t) = 11*t**3 - t**2 - t - 1. Calculate n(r).
-12
Let f(o) = -o**2 + 5*o. Suppose 3*i + 2*n - 5*n - 3 = 0, -4*i - 1 = -5*n. Calculate f(i).
-6
Let c(w) be the first derivative of w**3/3 - 5*w**2/2 + 4*w - 23. What is c(5)?
4
Suppose 3*q + 23 = -4*g - 9, 4*q = -g - 21. Let j(f) be the second derivative of -f**4/12 - 2*f**3/3 - 5*f**2/2 + f. Determine j(q).
-5
Let l(a) = -a**2 - 4*a - 2. Let c(q) = -q**2 - 3*q - 2. Let r(o) = 4*c(o) - 3*l(o). Give r(2).
-6
Let a(h) = -3*h - 3. Let d(b) = -13*b**2 + 4 + b**2 + b - b**3 + 4*b**2. Let k be d(-8). Determine a(k).
9
Let u(v) = 5*v**3 - 2*v**2 + v. Let f be 6/4*16/12. Let l be f/(3*4/6). Give u(l).
4
Suppose -3*x - 92 = v + v, -5*v - 86 = 3*x. Let q be (-4)/(-14) + x/14. Let z(n) be the third derivative of n**4/12 + n**3/3 + 3*n**2. Determine z(q).
-2
Let y be (-6)/(-36) - (-3)/9. Let a(v) be the second derivative of v - 1/6*v**4 + 0 + y*v**3 + 2*v**2. Give a(3).
-5
Let h(u) = u**2 + u + 1. Suppose 5 = -4*l + 1. Let g(s) = -s**3 - 4*s - 5. Let y = -5 - 0. Let i(z) = l*g(z) + y*h(z). Determine i(5).
-5
Let c(b) be the second derivative of b**5/120 - b**4/12 + 4*b**3/3 - b. Let j(i) be the second derivative of c(i). Give j(-4).
-6
Let h(u) = u**3 - 2*u - 1. Let b(g) = -g**2 + 9*g - 16. Suppose 28 = -2*z + 6*z. Let j be b(z). Give h(j).
-5
Let j be (-4 + 9/2)*0. Let f(m) be the first derivative of m**6/120 + 2*m**3/3 + m**2/2 + 1. Let d(l) be the second derivative of f(l). What is d(j)?
4
Let w = 2 - 5. Let v(l) = 4*l - 1. Let y = -11 - -13. Let h(r) = r - 1. Let m(q) = y*v(q) - 6*h(q). Give m(w).
-2
Let r(x) = 13*x**2. Let h = -57 - -58. Determine r(h).
13
Let t(n) = -3*n**3 + n. Let p be t(-1). Let k(s) = -4*s**p - s + 7 - 3*s + 3*s**2. Let d = -86 + 81. Give k(d).
2
Let p(y) be the second derivative of -y**6/60 + y**5/30 - y**3/6 + 5*y**2/2 + 6*y. Let v(x) be the first derivative of p(x). Calculate v(1).
-1
Let d(n) = n**3 + 4*n**2 + 4*n + 2. Let k be d(-3). Let b(j) = 3*j + 1. Determine b(k).
-2
Let s(w) = w + 5. Let o be s(-5). Let v(j) = 2*j**2 + 2*j - 2. Let d be v(-2). Let l = d - 